ase 5?
240110
24a (base 12) to base 5
2341
-102040 (base 6) to base 8
-20050
What is -2097 (base 10) in base 12?
-1269
22123 (base 4) to base 16
29b
What is -1c5 (base 13) in base 14?
-198
2478 (base 16) to base 14
358c
Convert -1562 (base 8) to base 10.
-882
-415 (base 10) to base 7
-1132
23154 (base 6) to base 5
101220
55c (base 13) to base 4
32122
Convert -111232 (base 5) to base 6.
-30130
What is -1000010011 (base 2) in base 16?
-213
What is -1622 (base 15) in base 5?
-123012
What is -1012010 (base 5) in base 12?
-9675
-529 (base 10) to base 7
-1354
What is -3a5 (base 11) in base 12?
-33a
What is 310223 (base 4) in base 3?
11121212
Convert 2240 (base 7) to base 13.
4a6
Convert -1040 (base 8) to base 13.
-32b
Convert -673b (base 16) to base 12.
-13363
111110010 (base 2) to base 13
2c4
-384 (base 15) to base 6
-3411
Convert -8796 (base 13) to base 3.
-221220100
-3423 (base 7) to base 4
-103122
What is -1201121 (base 3) in base 4?
-103222
-6ac (base 15) to base 3
-2002000
Convert -10223 (base 6) to base 13.
-825
Convert 20011120 (base 3) to base 11.
3419
Convert 102200120 (base 3) to base 9.
12616
What is 120220 (base 3) in base 9?
526
-35f (base 16) to base 11
-715
What is -2277 (base 13) in base 14?
-1a90
2746 (base 13) to base 5
140020
Convert 3311221 (base 5) to base 11.
39964
What is -3308 (base 12) in base 9?
-7638
What is 1c2 (base 15) in base 13?
254
Convert 17641 (base 9) to base 16.
2f9b
-aa (base 15) to base 9
-187
-27278 (base 9) to base 14
-6a26
Convert -100131 (base 4) to base 3.
-1110000
Convert 423 (base 10) to base 7.
1143
10155 (base 6) to base 3
1212122
Convert -11001000010 (base 2) to base 4.
-121002
11f (base 16) to base 7
560
-32627 (base 9) to base 2
-101010010010100
What is -10000000010111 (base 2) in base 14?
-2dcb
Convert -221a (base 11) to base 8.
-5555
Convert 12a (base 15) to base 10.
265
What is 153 (base 13) in base 15?
10c
Convert 632 (base 9) to base 10.
515
10111111100 (base 2) to base 3
2002202
What is 44234 (base 5) in base 13?
1521
What is 1176 (base 15) in base 8?
7177
What is -3314 (base 11) in base 6?
-32123
Convert 110110100110000 (base 2) to base 3.
1102100021
What is 11101111010 (base 2) in base 10?
1914
What is -45448 (base 9) in base 8?
-73061
-289 (base 12) to base 16
-189
What is -23223 (base 4) in base 3?
-1000200
605b (base 13) to base 9
20161
What is -a760 (base 11) in base 14?
-527d
Convert -1011031 (base 4) to base 15.
-14a4
What is -3244 (base 6) in base 12?
-524
34ef (base 16) to base 10
13551
-3050 (base 8) to base 11
-1203
Convert 4645 (base 7) to base 10.
1699
What is -15851 (base 12) in base 16?
-777d
Convert -12320 (base 4) to base 6.
-2012
What is 774 (base 11) in base 3?
1021101
Convert -304244 (base 7) to base 11.
-36013
-1199 (base 11) to base 15
-6e0
What is 11110202 (base 3) in base 15?
e75
493 (base 11) to base 4
21022
Convert -130 (base 8) to base 14.
-64
Convert 101210 (base 5) to base 6.
23145
Convert 7778 (base 13) to base 4.
10010111
Convert -3a88 (base 12) to base 6.
-51052
1a04 (base 16) to base 6
50500
Convert -39 (base 16) to base 9.
-63
What is 110022002 (base 3) in base 11?
6811
Convert 1172 (base 9) to base 10.
875
What is -11703 (base 10) in base 16?
-2db7
What is 10374 (base 16) in base 4?
100031310
Convert -48ad (base 14) to base 8.
-30631
Convert -205 (base 15) to base 4.
-13013
Convert 59a (base 11) to base 15.
329
Convert -4006 (base 13) to base 5.
-240134
Convert -10010001001 (base 2) to base 5.
-14121
Convert 1232 (base 8) to base 4.
22122
Convert 100301 (base 6) to base 12.
4691
-849 (base 12) to base 3
-1122210
538 (base 9) to base 11
370
Convert -35064 (base 7) to base 3.
-110022000
What is 1b4 (base 13) in base 9?
381
What is 4103232 (base 5) in base 16?
10213
What is -1400 (base 10) in base 2?
-10101111000
What is a1c (base 14) in base 15?
8c6
Convert -110111100011 (base 2) to base 16.
-de3
Convert -481 (base 12) to base 8.
-1241
-2231020 (base 4) to base 15
-343a
-2555 (base 7) to base 15
-44b
Convert 110211001 (base 3) to base 16.
247f
What is -1206 (base 14) in base 7?
-12106
-110101 (base 3) to base 16
-14e
Convert -126632 (base 8) to base 10.
-44442
Convert 2c3 (base 16) to base 9.
865
Convert -18305 (base 9) to base 14.
-486d
Convert -602 (base 8) to base 15.
-1ab
Convert 2202120 (base 3) to base 7.
5604
What is 1100001010011111 (base 2) in base 9?
75308
Convert c0c (base 14) to base 8.
4474
Convert -125326 (base 7) to base 16.
-5bc3
-130b7 (base 16) to base 10
-78007
Convert 5980 (base 12) to base 2.
10011100110000
b (base 13) to base 2
1011
What is -214143 (base 5) in base 12?
-4367
What is -5669 (base 11) in base 2?
-1110100100000
What is -201313 (base 4) in base 13?
-ca9
11221112 (base 3) to base 14
1457
What is 101010 (base 3) in base 7?
540
What is 1202021220 (base 3) in base 13?
12900
be01 (base 15) to base 13
15442
110000001011101 (base 2) to base 11
17597
What is -11101010100011 (base 2) in base 4?
-3222203
Convert -100001000110 (base 2) to base 8.
-4106
What is -1000200000 (base 3) in base 5?
-1121134
-1631 (base 14) to base 13
-1a5b
1077 (base 14) to base 3
10220112
What is 13442 (base 7) in base 6?
24532
What is 1330 (base 7) in base 10?
511
What is 1231 (base 10) in base 8?
2317
What is -4ca (base 14) in base 11?
-7a5
What is 1012330 (base 4) in base 15?
152a
-8b3 (base 15) to base 4
-132300
-930 (base 11) to base 14
-5a2
What is -13384 (base 9) in base 14?
-3439
What is 1110120011 (base 3) in base 4?
13002220
Convert 122244 (base 5) to base 12.
2877
What is -3542 (base 6) in base 12?
-5b2
4b1 (base 13) to base 14
428
Convert -41423 (base 5) to base 9.
-3672
Convert 20437 (base 10) to base 6.
234341
Convert -715 (base 8) to base 11.
-38a
What is -56203 (base 10) in base 2?
-1101101110001011
Convert 34152 (base 6) to base 14.
1a84
What is 7433 (base 9) in base 5?
133312
Convert 403 (base 5) to base 14.
75
What is 3282 (base 9) in base 10?
2423
20202 (base 3) to base 6
502
Convert f8e (base 16) to base 4.
332032
4612 (base 11) to base 3
22022120
-11000120 (base 3) to base 11
-2225
-580 (base 9) to base 5
-3402
What is -111010021 (base 4) in base 8?
-250411
Convert -625 (base 9) to base 7.
-1325
-58c (base 16) to base 9
-1847
What is 3bf4 (base 16) in base 10?
15348
2211 (base 5) to base 14
17c
Convert -7b9 (base 14) to base 15.
-6c5
What is -841 (base 12) in base 7?
-3334
101001110101 (base 2) to base 15
bd7
-53624 (base 7) to base 9
-20268
What is -479 (base 10) in base 12?
-33b
What is -11551 (base 8) in base 14?
-1b4d
-4336 (base 8) to base 10
-2270
What is 3152 (base 6) in base 4?
23030
What is -25313 (base 8) in base 5?
-322310
Convert 5550 (base 7) to base 5.
30440
Convert -5de (base 16) to base 11.
-1146
Convert 1100011011101 (base 2) to base 12.
3825
What is 428 (base 15) in base 3?
1021202
Convert -1036 (base 8) to base 9.
-662
461054 (base 7) to base 12
3b568
What is -849c (base 13) in base 16?
-47cd
Convert 210020 (base 3) to base 7.
1446
What is -245242 (base 6) in base 12?
-10822
What is -14e (base 16) in base 11?
-284
What is -115008 (base 9) in base 5?
-4204023
90 (base 16) to base 15
99
What is -29522 (base 11) in base 10?
-41890
What is -103343 (base 7) in base 11?
-12597
2334 (base 7) to base 12
5b6
-ab6 (base 15) to base 6
-15113
5244 (base 8) to base 4
222210
Convert 7aa3 (base 13) to base 2.
100001100110010
-18480 (base 10) to base 14
-6a40
7ba7 (base 15) to base 10
26257
Convert 596 (base 11) to base 14.
38a
1698 (base 15) to base 10
4868
What is -1211 (base 12) in base 15?
-904
Convert 100001101111 (base 2) to base 4.
201233
What is 28ac (base 16) in base 12?
6038
What is -141432 (base 7) in base 16?
-695d
What is -4a80 (base 15) in base 5?
-1001440
Convert 44d (base 15) to base 5.
12343
Convert 1200100 (base 3) to base 10.
1224
Convert 331 (base 14) to base 6.
2531
What is 842 (base 11) in base 5?
13024
Convert 3c0 (base 14) to base 11.
628
4214 (base 5) to base 11
469
-3045 (base 16) to base 6
-133113
Convert 241 (base 10) to base 14.
133
Convert -551 (base 6) to base 12.
-157
-534013 (base 7) to base 14
-25a7a
Convert -177003 (base 8) to base 12.
-3176b
What is -4198 (base 10) in base 16?
-1066
Convert -131425 (base 6) to base 11.
-9057
Convert -3121043 (base 5) to base 14.
-14a34
Convert -2300030 (base 4)